on divisor of n and q.
5
Suppose -2668 = 106*c - 28108. What is the highest common factor of c and 912?
48
Suppose -11*g + 208 = -3*g. Suppose m + 6 = g. Calculate the greatest common divisor of 50 and m.
10
Let k be (24/(-20))/(4/(-10)). Suppose -k*d = -5*d - 28. Let i = -13 - d. What is the highest common divisor of 3 and i?
1
Suppose -2*j = -6, -5*y + 2*j = 80 - 29. Let l = -21 - -25. Let d = l - y. Calculate the highest common divisor of d and 26.
13
Let w = -12 + 123. Calculate the greatest common divisor of 37 and w.
37
Let v be ((-888)/15 - -2)*20/(-8). What is the highest common factor of v and 117?
13
Let k be (-6)/(-6)*(-1 + 24). Let n be 2 - -189 - 2/1. Let v = n + -120. Calculate the highest common factor of k and v.
23
Suppose 3*o = -4*i + 839, -2*o - 118 = 3*i - 747. What is the greatest common factor of 22 and i?
11
Let l(r) be the third derivative of -r**4/24 + 23*r**3/6 - 15*r**2. Let k be l(0). Calculate the highest common factor of k and 253.
23
Let d(p) = -p**3 + 9*p**2 + 16*p - 15. Let l be d(10). Let v = 13 + -13. Suppose -3*r + l = -v*r. Calculate the highest common divisor of r and 6.
3
Let v(d) = -d**2 - 57*d + 148. Let x be v(-59). What is the greatest common divisor of 10 and x?
10
Let i = -948 - -981. Calculate the highest common divisor of i and 6.
3
Let b = 2658 - 475. Calculate the highest common factor of 59 and b.
59
Suppose 30 = 3*k - 24. Let u be ((-9)/(-6))/((-1)/(-212)). Let a be (-4)/(-6) + u/9. Calculate the highest common divisor of k and a.
18
Suppose 5*m - 953 = -938. What is the greatest common factor of m and 5?
1
Suppose -2*a + 75*f - 74*f + 176 = 0, -2*f + 103 = a. Let l = -19 - -32. Calculate the highest common factor of a and l.
13
Let b(s) = -11*s - 16. Let m be b(-9). Suppose -c + 4*k - m = -6*c, -3*c = -k - 60. What is the highest common factor of c and 209?
19
Suppose 0 = -18*a + 7*a. Suppose a = 4*r - 8*r + 132. What is the highest common divisor of 3 and r?
3
Let n(g) = -g**2 + g + 13. Let b be n(0). Let o = 839 + -696. Calculate the highest common divisor of o and b.
13
Suppose 17*b - 365 - 910 = 0. Calculate the greatest common divisor of 750 and b.
75
Let q = 14 - -1. Let p(b) = b + 15. Let s be p(-5). Calculate the highest common divisor of q and s.
5
Suppose -3038 - 481 = -9*y. What is the greatest common factor of y and 153?
17
Suppose 0 = 4*m - 2*k + 56, 0*m = -3*m + 4*k - 32. Let c = m - -22. Calculate the greatest common divisor of c and 66.
6
Let x = -13 + 17. Suppose -8 = x*q + 4. Let d be 2/6 - 407/q. Calculate the highest common factor of d and 17.
17
Suppose 2*c = 4*c - 28. Suppose -4*b + 9*b = 190. Suppose 10 = -u + b. What is the greatest common divisor of c and u?
14
Suppose 2*g - s - 66 = -4, 0 = -g - 4*s + 31. Suppose g*y - 28*y - 90 = 0. Calculate the greatest common factor of 75 and y.
15
Let p = 80 - 37. Let r be (-39 + p)*(35 - (1 - 0)). Suppose -3*t + 15 = -36. Calculate the greatest common divisor of r and t.
17
Suppose 0 = -3*p - 2*p + 125. Let f be -2 + (3 - (-128 - -4)). Suppose -2*x = -x - f. What is the greatest common factor of p and x?
25
Let y(j) = j**3 + 6*j**2 - 2. Let x be y(-5). Suppose -2*g + 3 = 3*z - x, -20 = -5*g. Let h = 1029 + -1011. Calculate the highest common factor of h and z.
6
Let h = -350 - -384. Calculate the highest common divisor of 119 and h.
17
Let q = -7 + 12. Suppose q*u - 2 - 58 = 0. Let c be (54/(-15))/(0 + (-2)/10). What is the greatest common factor of c and u?
6
Suppose -1450 = g - 0*s - 4*s, 5*s - 5 = 0. Let c be 18/(-30) + g/(-10). Suppose -c = -7*r + r. What is the highest common divisor of 8 and r?
8
Let b be -4 - (-3 + -7 + 3). Suppose x = -5*s - 4*x + 1420, s + b*x - 294 = 0. What is the greatest common factor of s and 31?
31
Let g be -1 + 2 + (-54)/(-9) - 4. Suppose -g*l - 2*l + 110 = 0. What is the greatest common divisor of 22 and l?
22
Let f(a) = -38*a**3 - a - 1. Let t be f(-1). Let c = -5 - 11. Let n = c + t. What is the greatest common divisor of n and 22?
22
Let i be ((-4)/10)/(48/(-11760)). Let o = 27 + -13. Calculate the highest common divisor of o and i.
14
Let n(l) = -455*l + 161. Let c be n(-3). Calculate the highest common factor of 14 and c.
14
Let o = 125 + -67. Let n = o + -40. Suppose -r + 5*r = 108. What is the greatest common factor of n and r?
9
Suppose -297 = -5*m - 4*z + 3*z, -m - 5*z = -45. Let n = 637 - 1237. Let l be (-1)/(1*4/n). Calculate the highest common factor of m and l.
30
Suppose 0 = 4*b + 38 + 102. Let y = b - -39. Calculate the greatest common factor of 32 and y.
4
Let z(p) = -p**2 + 34*p - 216. Let h be z(21). What is the greatest common divisor of h and 456?
57
Suppose 0 = -18*t - 2941 + 17251. What is the greatest common factor of 30 and t?
15
Let m = 330 - 241. Calculate the greatest common factor of m and 445.
89
Let f(v) = v**2 - 32*v - 125. Let a be f(-24). What is the greatest common factor of 23 and a?
23
Let o be (-20)/8*(0 - 2). Suppose 2*t = 2*v + 2 - 30, 3*v - o*t = 40. What is the greatest common divisor of v and 6?
3
Let l(h) = -h**2 - 4*h + 1. Let a be l(-6). Let m = a - -18. Let w(b) = b + 28. Let g be w(0). Calculate the greatest common divisor of m and g.
7
Let m(i) = -3*i**3 - 5*i**2 + 5. Let j be m(-4). Let b = 527 + -518. What is the highest common factor of b and j?
9
Suppose -c + 17 = -3*i, 0*c - 3 = c + 2*i. Suppose c*k = 9*k - 48. Let m = -8 + k. What is the highest common divisor of 10 and m?
2
Let r be (0 + -1)/((-5 + 4)/21). What is the greatest common factor of r and 189?
21
Let b(z) = z**3 - 5*z**2 - 2*z - 22. Let i be b(6). Suppose 115 = i*l - 5*u, 318 = 4*l + 4*u + 102. What is the greatest common divisor of l and 605?
55
Let j(a) = -4*a + 10. Suppose -5*y - 15 = -5*o, -o + 42 = -5*y + 11. Let b be j(y). What is the highest common factor of b and 95?
19
Let y be ((-18)/3 + (-95)/(-10))*108. Calculate the highest common factor of 81 and y.
27
Let l = 13 + 14. What is the greatest common factor of l and 369?
9
Suppose 5 + 5 = 5*l. Let v be 1/2*(l + 24). Let y = 536 + -510. What is the highest common divisor of v and y?
13
Let s = 0 + 2. Let p(g) = 16*g + 274. Let x be p(-17). What is the greatest common divisor of x and s?
2
Suppose -17*a = -61*a + 528. What is the highest common divisor of 18 and a?
6
Suppose 2*x = -4*m + 70, -9*m = -14*m + 3*x + 71. What is the greatest common divisor of m and 32?
16
Let l = 86 + -85. Calculate the greatest common divisor of 5 and l.
1
Let d = -5 + 8. Suppose 0 = d*h + 2*y - 49, -3*h - 21 = -3*y - 60. What is the highest common divisor of 75 and h?
15
Let y be -7*(2/4)/(2/(-72)). Calculate the highest common divisor of 18 and y.
18
Let m(g) = 7*g**2 + g - 2. Let f be m(2). Suppose 2*u + 13 = 125. What is the highest common divisor of f and u?
28
Let l(m) = m**2 + 14*m + 16. Let j(w) = 2*w - 4. Let t be j(-4). Let h be l(t). Let c = -5 - h. Calculate the greatest common factor of 2 and c.
1
Let c be 2/(-4)*-2*(-7)/(-1). Let j = 51 - 30. What is the highest common divisor of j and c?
7
Let j(p) = p**2 - 10*p - 11. Let z be j(13). Suppose 8*s = s + z. Calculate the highest common factor of 36 and s.
4
Let p(h) = 4*h**2 + 3*h + 2. Let o be p(-1). Suppose -5*d + g + 192 = 0, 5*g + 23 - 127 = -o*d. What is the highest common factor of d and 57?
19
Let z be ((-6)/(-15))/(2/40*2). Suppose r - 480 = -z*r. What is the greatest common factor of 24 and r?
24
Suppose -5*c = 5*l - 850, 24*l - 25*l + 2*c + 164 = 0. What is the highest common divisor of 48 and l?
24
Suppose -21 = 2*c - 101. Calculate the greatest common factor of c and 500.
20
Let h = -27 - -38. Let n be ((-3)/2)/(21/(-1078)). What is the greatest common factor of n and h?
11
Let v = -10 - -17. Let j be (6/2 - v) + 17. Let h be 5*(-14 + 1)*-1. Calculate the greatest common divisor of h and j.
13
Let d = 6427 + -2877. Calculate the greatest common factor of d and 142.
142
Let k be (-13)/39 + (-3)/(-9)*-5. Let l be 4/(32/98) + k/8. What is the greatest common factor of l and 132?
12
Suppose 4*h - 9 = -1. Suppose -h*q + 303 = 3*j + 28, 2 = 2*q. What is the highest common divisor of 13 and j?
13
Suppose 0 = -15*d - 42 + 192. What is the highest common divisor of 90 and d?
10
Let w = -804 + 1827. What is the greatest common factor of w and 33?
33
Let s(j) = -3*j**2 + 26*